52442
Convert 340143 (base 5) to base 13.
5572
Convert -1910 (base 14) to base 6.
-32534
Convert -1a4 (base 12) to base 5.
-2033
Convert -2301311 (base 4) to base 3.
-120121112
What is 76436 (base 8) in base 4?
13310132
1381 (base 10) to base 6
10221
113541 (base 7) to base 6
234543
Convert 1097 (base 15) to base 13.
17a7
-1543 (base 9) to base 4
-102111
1298 (base 11) to base 7
4620
1054 (base 6) to base 4
3322
-240 (base 16) to base 5
-4301
What is 89a (base 13) in base 7?
4212
Convert -101001 (base 3) to base 9.
-331
-130003 (base 5) to base 13
-237b
Convert -44000 (base 5) to base 9.
-4103
Convert 56e (base 16) to base 14.
714
What is 110321 (base 4) in base 12?
935
What is 33255 (base 6) in base 11?
3541
Convert ab (base 12) to base 10.
131
Convert 23147 (base 8) to base 13.
4623
-8c6 (base 15) to base 14
-a1c
Convert 2101 (base 4) to base 6.
401
Convert -1100111100 (base 2) to base 15.
-3a3
Convert 15660 (base 7) to base 3.
20002220
Convert 101414 (base 5) to base 2.
110100011111
1547 (base 12) to base 11
1976
Convert 1110101100 (base 2) to base 9.
1254
Convert -423110 (base 5) to base 3.
-201102021
20021100 (base 3) to base 14
1948
Convert -247 (base 12) to base 11.
-292
3182 (base 10) to base 11
2433
What is 24323 (base 5) in base 13?
ab5
-30333 (base 4) to base 8
-1477
What is 1423 (base 8) in base 10?
787
What is -200201 (base 3) in base 10?
-505
Convert 48b (base 12) to base 3.
221022
What is 1266 (base 10) in base 5?
20031
-215 (base 16) to base 10
-533
-4766 (base 13) to base 7
-41213
-2232 (base 14) to base 13
-2909
What is a51 (base 16) in base 6?
20121
Convert -42601 (base 8) to base 14.
-66ad
Convert -3535 (base 6) to base 4.
-31103
Convert 101000001 (base 2) to base 10.
321
935 (base 10) to base 6
4155
What is 1002234 (base 5) in base 3?
210212112
-1a271 (base 14) to base 15
-149d2
Convert -1500 (base 9) to base 15.
-509
3321 (base 6) to base 2
1100000001
2033 (base 10) to base 6
13225
Convert -102033 (base 4) to base 5.
-14132
What is 137 (base 15) in base 13?
184
314 (base 14) to base 11
501
-20432 (base 9) to base 12
-796b
What is -20332 (base 4) in base 15?
-284
What is 4322 (base 6) in base 9?
1315
What is 4746 (base 8) in base 3?
10110212
-76 (base 11) to base 4
-1103
-11100110 (base 2) to base 9
-275
Convert 1967 (base 16) to base 7.
24650
Convert 88 (base 15) to base 14.
92
Convert 2d7 (base 14) to base 8.
1105
What is -4714 (base 8) in base 15?
-b23
Convert -2112013 (base 4) to base 11.
-7244
What is 959 (base 15) in base 5?
31414
-a6 (base 13) to base 5
-1021
-235 (base 13) to base 11
-318
2124 (base 6) to base 5
3414
-10110010100000 (base 2) to base 7
-45210
Convert 3047 (base 9) to base 4.
202312
What is 114 (base 5) in base 12?
2a
What is 12101211 (base 3) in base 7?
14323
-19642 (base 10) to base 8
-46272
Convert 110100100 (base 2) to base 15.
1d0
Convert -2131222 (base 4) to base 16.
-276a
12320101 (base 4) to base 13
ca96
Convert -2111110121 (base 3) to base 14.
-13cd1
Convert 1a546 (base 14) to base 12.
3286a
Convert 32203 (base 4) to base 14.
4a7
-5389 (base 10) to base 2
-1010100001101
What is -6d5 (base 14) in base 15?
-60d
Convert -888 (base 9) to base 13.
-440
What is 5614 (base 8) in base 7?
11422
Convert 5be (base 15) to base 14.
692
-12434 (base 8) to base 14
-1d80
What is 1016 (base 9) in base 5?
10434
Convert a (base 13) to base 4.
22
Convert 1398 (base 11) to base 5.
24201
Convert 32203310 (base 4) to base 14.
17a3a
148a2 (base 12) to base 9
43605
77 (base 16) to base 14
87
-10002110 (base 4) to base 13
-76a9
80 (base 13) to base 11
95
Convert -10011000000 (base 2) to base 4.
-103000
Convert 7947 (base 11) to base 13.
49b5
What is 28863 (base 10) in base 11?
1a75a
-8526 (base 12) to base 13
-6831
Convert 1b15 (base 14) to base 9.
6665
ab21 (base 13) to base 8
56460
What is 1a28 (base 12) in base 15?
e35
What is -231 (base 6) in base 11?
-83
Convert 1668 (base 13) to base 6.
23133
2243 (base 6) to base 5
4111
Convert -24020 (base 5) to base 2.
-11011100000
-1210 (base 6) to base 11
-248
Convert -16c (base 13) to base 12.
-197
Convert -102332 (base 4) to base 7.
-3353
What is 3920 (base 16) in base 3?
202001122
What is 6b3 (base 12) in base 7?
2625
Convert -232 (base 6) to base 10.
-92
Convert 22341 (base 12) to base 16.
b161
Convert -30586 (base 9) to base 3.
-1000122220
11111110 (base 3) to base 15
e89
What is 10101111 (base 2) in base 3?
20111
237 (base 10) to base 2
11101101
What is -b0 (base 16) in base 13?
-107
What is 28 (base 16) in base 5?
130
Convert 212122 (base 4) to base 7.
10111
Convert 14115 (base 6) to base 5.
32312
Convert 1101101001 (base 2) to base 11.
724
What is 262 (base 9) in base 4?
3122
-49 (base 14) to base 13
-50
Convert -141c (base 13) to base 3.
-10222100
Convert 1250 (base 13) to base 4.
220220
What is 10130201 (base 5) in base 4?
110103220
Convert -10201 (base 10) to base 4.
-2133121
Convert 233 (base 11) to base 14.
15c
Convert 41056 (base 8) to base 4.
10020232
What is 11001 (base 3) in base 4?
1231
What is 27b (base 12) in base 9?
465
-110111 (base 3) to base 16
-151
What is 4732 (base 8) in base 3?
10110102
120331 (base 4) to base 11
1222
Convert 730 (base 12) to base 9.
1380
-11011101 (base 2) to base 5
-1341
Convert 1311 (base 10) to base 9.
1716
What is 1514 (base 8) in base 12?
5a4
Convert -321053 (base 7) to base 13.
-1c403
Convert 122131 (base 5) to base 4.
1020322
-372 (base 9) to base 10
-308
What is 55304 (base 9) in base 5?
2133242
-1357 (base 14) to base 9
-4607
Convert -6295 (base 11) to base 3.
-102102121
Convert 1c7e (base 16) to base 13.
3421
Convert 10014 (base 5) to base 2.
1001111010
Convert 992 (base 13) to base 8.
3150
Convert 2556 (base 16) to base 8.
22526
5057 (base 13) to base 7
44144
What is -1070 (base 10) in base 8?
-2056
-2868 (base 10) to base 2
-101100110100
Convert -4b4 (base 12) to base 11.
-598
-9849 (base 10) to base 16
-2679
10001110111 (base 2) to base 5
14033
What is 787 (base 11) in base 16?
3ae
Convert 1458 (base 10) to base 9.
2000
What is -1ce4 (base 16) in base 15?
-22d1
What is -3111104 (base 5) in base 4?
-30121123
Convert -25262 (base 10) to base 8.
-61256
What is -111110212 (base 3) in base 8?
-23140
Convert -30101023 (base 4) to base 11.
-34833
What is 42400 (base 5) in base 15?
ca0
What is -433 (base 10) in base 5?
-3213
Convert -2a (base 16) to base 10.
-42
What is 110220 (base 4) in base 8?
2450
Convert -249 (base 13) to base 10.
-399
What is -76 (base 16) in base 5?
-433
What is -1430014 (base 5) in base 11?
-20601
What is -3a1 (base 15) in base 8?
-1472
Convert -1717 (base 11) to base 14.
-b2c
What is -883 (base 14) in base 5?
-23213
What is -200212 (base 3) in base 6?
-2205
What is -6757 (base 9) in base 4?
-1032001
-434 (base 7) to base 2
-11011101
What is 92b (base 13) in base 5?
22213
280 (base 16) to base 9
781
What is -1152 (base 8) in base 6?
-2510
-1023304 (base 5) to base 6
-212121
-10221221 (base 3) to base 16
-b47
Convert -2122 (base 5) to base 15.
-142
Convert 34c (base 15) to base 8.
1353
What is 427 (base 14) in base 10?
819
-15478 (base 9) to base 12
-6175
-11289 (base 11) to base 3
-211101010
36 (base 10) to base 12
30
-204004 (base 5) to base 10
-6754
Convert -29c (base 13) to base 4.
-13103
What is -9b9 (base 16) in base 11?
-1963
What is -112202100 (base 3) in base 5?
-321010
Convert -1010110100 (base 2) to base 15.
-312
What is -163 (base 12) in base 6?
-1003
-267 (base 14) to base 8
-743
Convert cc1 (base 13) to base 8.
4211
-72 (base 16) to base 11
-a4
Convert -20345 (base 10) to base 14.
-75b3
11110012 (base 3) to base 6
23005
What is -130410 (base 5) in base 2?
-1001111110001
What is 23120 (base 5) in base 16?
67c
24847 (base 10) to base 9
37067
What is 84 (base 16) in base 7?
246
-143042 (base 6) to base 16
-3542
Convert -14130 (base 6) to base 15.
-9c9
What is -12051 (base 6) in base 16?
-6df
Convert 1711 (base 8) to base 2.
1111001001
What is 10000010010 (base 2) in base 4?
100102
-1340122 (base 5) to base 4
-12232101
13230 (base 10) to base 14
4b70
Convert 121033 (base 4) to base 9.
2184
What is -33010 (base 4) in base 5?
-12324
Convert 503 (base 6) to base 12.
133
Convert -113 (base 8) to base 7.
-135
Convert 211301 (base 5) to base 12.
4118
132441 (base 5) to base 16
14fb
Convert 